{"id":92,"date":"2016-02-25T16:43:31","date_gmt":"2016-02-25T16:43:31","guid":{"rendered":"https:\/\/auliyaablog.wordpress.com\/?page_id=92"},"modified":"2017-01-13T17:25:20","modified_gmt":"2017-01-13T16:25:20","slug":"helene-wertheim","status":"publish","type":"page","link":"https:\/\/lespeauxensont.fr\/index.php\/le-salon-des-arpetes\/helene-wertheim\/","title":{"rendered":"H\u00e9l\u00e8ne Wertheim"},"content":{"rendered":"<h4>Depuis 1982,<\/h4>\n<p style=\"text-align: center;\"><strong>agr\u00e9ment\u00e9 de formations diverses, \u00a0 \u00a0 \u00a0 \u00a0 \u00a0 \u00a0 \u00a0 \u00a0 \u00a0 \u00a0 \u00a0 \u00a0 \u00a0 \u00a0 \u00a0 \u00a0 \u00a0 \u00a0 \u00a0 \u00a0 \u00a0 \u00a0 \u00a0 \u00a0 \u00a0 \u00a0 \u00a0 \u00a0 \u00a0 \u00a0 \u00a0 \u00a0 \u00a0 \u00a0 \u00a0 \u00a0 \u00a0 \u00a0 \u00a0 \u00a0 \u00a0 \u00a0 \u00a0 \u00a0 \u00a0 \u00a0 \u00a0 \u00a0 \u00a0 \u00a0 \u00a0 \u00a0 \u00a0 \u00a0 \u00a0 \u00a0 \u00a0 \u00a0 \u00a0 \u00a0 \u00a0 \u00a0 \u00a0 \u00a0 \u00a0 \u00a0 \u00a0 \u00a0 \u00a0 \u00a0 \u00a0 \u00a0 \u00a0 \u00a0 \u00a0 \u00a0\u00a0<\/strong><\/p>\n<p><strong>courtes,\u00a0<\/strong><br \/>\n<strong><img loading=\"lazy\" decoding=\"async\" class=\"wp-image-136 aligncenter\" src=\"http:\/\/lespeauxensont.fr\/wp-content\/uploads\/2016\/02\/H\u00e9l\u00e8ne-1-300x293.jpg\" alt=\"H\u00e9l\u00e8ne 1\" width=\"210\" height=\"205\" srcset=\"https:\/\/lespeauxensont.fr\/wp-content\/uploads\/2016\/02\/H\u00e9l\u00e8ne-1-300x293.jpg 300w, https:\/\/lespeauxensont.fr\/wp-content\/uploads\/2016\/02\/H\u00e9l\u00e8ne-1-768x750.jpg 768w, https:\/\/lespeauxensont.fr\/wp-content\/uploads\/2016\/02\/H\u00e9l\u00e8ne-1-760x743.jpg 760w, https:\/\/lespeauxensont.fr\/wp-content\/uploads\/2016\/02\/H\u00e9l\u00e8ne-1-400x391.jpg 400w, https:\/\/lespeauxensont.fr\/wp-content\/uploads\/2016\/02\/H\u00e9l\u00e8ne-1.jpg 960w\" sizes=\"auto, (max-width: 210px) 100vw, 210px\" \/>\u00a0 \u00a0 \u00a0 \u00a0 \u00a0 \u00a0 \u00a0 \u00a0 \u00a0 \u00a0 \u00a0 \u00a0 \u00a0 \u00a0 \u00a0 \u00a0 \u00a0 \u00a0 \u00a0 \u00a0 \u00a0 \u00a0 \u00a0 \u00a0 \u00a0 \u00a0 \u00a0 \u00a0 \u00a0 \u00a0 \u00a0longues,\u00a0<\/strong><\/p>\n<p style=\"text-align: right;\"><strong>passionnantes,<\/strong><\/p>\n<p>&nbsp;<\/p>\n<p><strong>le parcours d\u2019H\u00e9l\u00e8ne Wertheim se r\u00e9sume<\/strong> \u00e0 peu pr\u00e8s \u00e0 la cr\u00e9ation de spectacles\u00a0de marionnettes (fabrication, jeu, mise en sc\u00e8ne)<\/p>\n<p>&nbsp;<\/p>\n<ul>\n<li>Construction de marionnettes (Alain Recoing Th\u00e9\u00e2tre aux mains nues)<\/li>\n<li>Sc\u00e9nographie mise en sc\u00e8ne (Th\u00e9\u00e2tre de la Planchette, Institut international de la Marionnette)<\/li>\n<li>Masques (Ninian Killiar Wilson)<\/li>\n<li>Jeu masqu\u00e9 (Luc Laporte)<\/li>\n<li>Machines musicales (Claudine Brahem Drouet)<\/li>\n<li>Vid\u00e9o et marionnette (Th\u00e9\u00e2tre de la Marionnette \u00e0 Paris)<\/li>\n<li>Th\u00e9\u00e2tre (Augusto Boal)<\/li>\n<li>Peinture (V\u00e9ronique Masurel)<\/li>\n<\/ul>\n<p>&nbsp;<\/p>\n<ul>\n<li>Le roman de Renart, Les aventures du Petit P\u00e8re Lapin, Grain de sel en mer (Pierre Blaise,\u00a0Th\u00e9\u00e2tre\u00a0sans\u00a0Toit)<\/li>\n<li>Nasreddin Hodja (Isil Kasapoglu, Th\u00e9\u00e2tre \u00e0 venir)<\/li>\n<li>La Lune (Karina Ch\u00e9r\u00e8s)<\/li>\n<li>Monsieur Costic (Daniel Soulier)<\/li>\n<li>La Trag\u00e9die de l\u2019Homme (Gr\u00e9goire Callies, Th\u00e9\u00e2tre du chemin creux)<\/li>\n<li>Novembre ou \u00c2me d\u2019Hiver (Antoine Caubet, Cie Cazaril)<\/li>\n<li>La petite Josette, Hansel et Gretel (Elodie B\u00e9ar, Anne Sylvestre, Hop Step Cie)<\/li>\n<li>\u00ab\u00a02\u00a0\u00bb (Claire Amiet)<\/li>\n<li>La babouche de Lala A\u00efcha (Cie des \u00c9pices)<\/li>\n<li>Ab\u00e9c\u00e9daire (H\u00e9l\u00e8ne Wertheim)<\/li>\n<\/ul>\n<p>&nbsp;<\/p>\n<h6>P.S. L\u2019encrier pr\u00eat\u00e9 pour \u00ab\u00a0Jean-S\u00e9bastien ou la m\u00e9moire d\u2019un ruisseau\u00a0\u00bb (Th\u00e9\u00e2tre du chemin creux) appartient toujours \u00e0 H\u00e9l\u00e8ne\u00a0Wertheim, merci.<\/h6>\n","protected":false},"excerpt":{"rendered":"<p>Depuis 1982, agr\u00e9ment\u00e9 de formations diverses, \u00a0 \u00a0 \u00a0 \u00a0 \u00a0 \u00a0 \u00a0 \u00a0 \u00a0 \u00a0 \u00a0 \u00a0 \u00a0 \u00a0 \u00a0 \u00a0 \u00a0 \u00a0 \u00a0 \u00a0 \u00a0 \u00a0 \u00a0 \u00a0 \u00a0 \u00a0 \u00a0 \u00a0 \u00a0 \u00a0 \u00a0 \u00a0 \u00a0 \u00a0 \u00a0 \u00a0 \u00a0 \u00a0 \u00a0 \u00a0 \u00a0 \u00a0 \u00a0 \u00a0 \u00a0 \u00a0 \u00a0 \u00a0 \u00a0&hellip; <a href=\"https:\/\/lespeauxensont.fr\/index.php\/le-salon-des-arpetes\/helene-wertheim\/\" class=\"more-link\">Lire la suite <span class=\"screen-reader-text\">H\u00e9l\u00e8ne Wertheim<\/span><\/a><\/p>\n","protected":false},"author":1,"featured_media":0,"parent":15,"menu_order":0,"comment_status":"closed","ping_status":"closed","template":"","meta":{"footnotes":""},"class_list":["post-92","page","type-page","status-publish","hentry"],"jetpack_sharing_enabled":true,"_links":{"self":[{"href":"https:\/\/lespeauxensont.fr\/index.php\/wp-json\/wp\/v2\/pages\/92","targetHints":{"allow":["GET"]}}],"collection":[{"href":"https:\/\/lespeauxensont.fr\/index.php\/wp-json\/wp\/v2\/pages"}],"about":[{"href":"https:\/\/lespeauxensont.fr\/index.php\/wp-json\/wp\/v2\/types\/page"}],"author":[{"embeddable":true,"href":"https:\/\/lespeauxensont.fr\/index.php\/wp-json\/wp\/v2\/users\/1"}],"replies":[{"embeddable":true,"href":"https:\/\/lespeauxensont.fr\/index.php\/wp-json\/wp\/v2\/comments?post=92"}],"version-history":[{"count":12,"href":"https:\/\/lespeauxensont.fr\/index.php\/wp-json\/wp\/v2\/pages\/92\/revisions"}],"predecessor-version":[{"id":359,"href":"https:\/\/lespeauxensont.fr\/index.php\/wp-json\/wp\/v2\/pages\/92\/revisions\/359"}],"up":[{"embeddable":true,"href":"https:\/\/lespeauxensont.fr\/index.php\/wp-json\/wp\/v2\/pages\/15"}],"wp:attachment":[{"href":"https:\/\/lespeauxensont.fr\/index.php\/wp-json\/wp\/v2\/media?parent=92"}],"curies":[{"name":"wp","href":"https:\/\/api.w.org\/{rel}","templated":true}]}}